 34*a**2 - 65*a + 527. Let w be i(8). What is the highest common divisor of w and 59?
59
Suppose 0 = -2*c - 8, 2*n + 2*c + 8 = 20. Calculate the highest common divisor of 170 and n.
10
Let p be (0/3)/(-3) - 35. Let z = p - 25. Let k be (0 + 1)/((-6)/z). Calculate the greatest common divisor of 100 and k.
10
Let t(w) be the first derivative of w**4/4 + 4*w**3 - 15*w**2/2 - 22*w + 14. Let z be t(-13). What is the greatest common divisor of z and 20?
4
Suppose -90 = 2*v - 7*v. Let p = -2582 + 2708. Calculate the greatest common divisor of v and p.
18
Let p = 220 + -112. Calculate the highest common factor of 12 and p.
12
Let c = 16 + -6. Suppose 0 = 13*s + 10*s + 529. Let u = 53 + s. What is the greatest common divisor of u and c?
10
Suppose -44*v = -35*v - 5814. Calculate the greatest common factor of v and 19.
19
Suppose 5*b + 1000 = -5*s, 7*b + 208 = -s + 2*b. Suppose 4*v - 12 = -28. Let k be (-3)/6 + s/v. What is the greatest common factor of k and 7?
7
Let s = 4 + -2. Suppose -5*c - s*x + 321 = -0*c, 2*c - 134 = 2*x. Calculate the greatest common divisor of c and 52.
13
Let d = 123 + -33. Suppose 0 = -v, 0 = 2*t - 4*t + 4*v + 40. Suppose 2 - t = -h. What is the greatest common factor of d and h?
18
Let w = -117 - -106. Let m(o) = -o**3 - 10*o**2 + 7*o - 9. Let c be m(w). Calculate the greatest common factor of c and 10.
5
Suppose -f - 216 = -4*f. Let u be 2/(-5*(-4)/90). What is the highest common factor of u and f?
9
Let y = 158 + -59. Calculate the greatest common factor of 66 and y.
33
Let t(j) = 2*j**3 - 8*j**2 - 19*j + 1. Let c be t(9). Calculate the greatest common divisor of c and 10.
10
Suppose -648 = -3*l + 4*k, -2*l = 3*k - 0 - 449. Calculate the greatest common factor of l and 44.
44
Let c = 75 - 32. Let m = c - 17. Let r be -6*(-3 + 14/(-4)). What is the highest common divisor of r and m?
13
Let g(u) be the third derivative of -1/6*u**4 + 4*u**2 + 0*u + 0 + 4/3*u**3. Let v be g(-14). Calculate the highest common divisor of 8 and v.
8
Let p be -2 + (9 - 1)*2. What is the highest common factor of 364 and p?
14
Let x be 1*-49 + 3 - (2 + -4). Let z be ((-3)/(-2))/((-222)/x + -5). What is the highest common factor of 22 and z?
11
Suppose -5*m + a + 5 = 0, -m + 5*m + 12 = 4*a. Suppose m*t - 3*c = 39, 3*t + 7*c = 4*c + 81. Calculate the greatest common factor of t and 8.
8
Suppose 12*w + 46 = 10*w. Let g = 27 + w. Suppose -t + 23 = 4*m, -t + 4*t + g*m - 29 = 0. What is the greatest common divisor of 15 and t?
3
Let w be (-2688)/(-54) + 4/18. Let u be w/(-5)*(-308)/10. Let c(h) = -h**3 + 8*h**2 - 8*h + 4. Let a be c(6). Calculate the greatest common divisor of u and a.
28
Let g be 152/(-12)*(-5 + 2). Let x be 1*(2 + 0 + 17). Calculate the greatest common factor of x and g.
19
Suppose -2*j + 0*j = -b - 13, 2*j + 3*b + 7 = 0. Let w be 3/2 + 14/j. What is the highest common divisor of w and 40?
5
Let i(q) = 26*q + 143. Let k be i(-4). What is the highest common factor of k and 1677?
39
Let m = -16 + 30. Suppose j = 3*i - 400, 0*i = i - j - 130. Suppose i = 5*w - 215. What is the greatest common factor of m and w?
14
Let t(i) = -i**3 - i**2 - i + 4. Let h be t(0). Let k = h + 8. Suppose -k - 8 = -4*u. Calculate the highest common divisor of 20 and u.
5
Suppose 5*p + 132 = -3*c + 864, 4*p - 3*c = 564. What is the greatest common factor of p and 48?
48
Suppose 0 = 5*h + 5*b - 0*b - 1910, 6 = -3*b. Let m = h - 160. Let o = m + -134. Calculate the highest common factor of 10 and o.
10
Suppose q = 29 + 51. Let l(f) = 6*f - 9. Let x be l(-7). Let o = x - -67. Calculate the greatest common divisor of q and o.
16
Suppose -2*r + 346 = 5*i, 0 = 3*r - 13*i + 12*i - 502. Let a(o) = o + 42. Let k be a(0). Calculate the greatest common factor of k and r.
42
Suppose 0 = -p + 5*y + 19, -y + 9 = p + 2*p. Suppose -4*k - 4*u + 4 = u, -4*u + 1 = k. Calculate the highest common factor of k and p.
1
Let h be (2/(-4))/((-1)/6). Let j(m) = m**2 - 4. Let p be j(h). Suppose p*y = -k - 3*k + 63, -21 = -y + 2*k. What is the greatest common divisor of y and 5?
5
Let q be 524/22 + (-265)/55 + 5. Calculate the greatest common divisor of 36 and q.
12
Suppose 2*n = 3*g - 6 - 4, -n = -4. Calculate the highest common divisor of 282 and g.
6
Suppose 5*r - 2*q - 320 = 0, -r + 43 = 4*q + 1. Calculate the greatest common factor of 93 and r.
31
Let q = -362 - -386. What is the greatest common divisor of 960 and q?
24
Suppose -21 = -r - 2*k, r - 4*k = -r + 66. Suppose -3*q - 55 = 2*d, 4 = -d + 5*d. Let i = q + r. Calculate the greatest common factor of 48 and i.
8
Suppose 0 = q + 11 - 75. Calculate the greatest common divisor of 32 and q.
32
Suppose 0 = 5*p - 3*l - 295, 4*p + 54 - 298 = 4*l. Let s = 61 - p. Calculate the highest common factor of s and 15.
5
Let f be ((-104)/(-39))/((-6)/(-18)). What is the greatest common divisor of f and 28?
4
Let l(r) = 10*r**2 - 3*r - 3. Let i be l(-2). Suppose 2*o + 9 = i. Let x be (68/(-6))/((-8)/12). What is the highest common factor of x and o?
17
Let n(v) = v + 21. Let p be n(5). Suppose -2*h + 37 + 7 = 4*w, -w = 2. Calculate the greatest common factor of p and h.
26
Suppose -13 - 3 = -4*s. Let t be (s/(-8))/((-2)/4). Calculate the highest common factor of t and 5.
1
Let q = -212 + 636. Suppose -4*i = -r + 81, -i = -7*r + 2*r + q. Calculate the highest common factor of 34 and r.
17
Let w = 289 + -262. Suppose -3*f - 3*t - 6 = 0, f - 3*t + 36 = -3*f. Let z(n) = -10*n - 6. Let a be z(f). What is the highest common divisor of w and a?
27
Suppose -q - 2*d + 347 = 0, d + 658 = 2*q - 4*d. Calculate the highest common divisor of 452 and q.
113
Let t(f) = -f**3 + 10*f**2 - 7*f + 12. Suppose 2*g - 36 = -2*g. Let n be t(g). Let x = n - 26. What is the highest common divisor of 28 and x?
4
Let m(c) = -c**2 + 14*c - 9. Let d be m(8). Suppose 3*l = 0, q - 585 = -2*q - 4*l. What is the highest common divisor of d and q?
39
Suppose 8*l - 268 = 628. Let t be (1 - 20)/((-2)/(-4)). Let j = 54 + t. What is the highest common factor of j and l?
16
Let k(m) = -m**3 - 3*m**2 + 5*m + 11. Let x = -71 + 67. Let z be k(x). Suppose 2*y = -2*y + 28. What is the highest common divisor of y and z?
7
Let s be 96 + 3/3 - -2. Let u be (-165)/(-12) + 5/20. Suppose -2*w - v = -u, 5*w + 2*v = 4*v + 53. What is the highest common factor of w and s?
9
Let d(r) = -r**2 + 2*r + 12. Let q be d(5). Let t(l) = -8*l - 7. Let p be t(q). Calculate the greatest common factor of 68 and p.
17
Suppose 15*k = 20*k + 5*x - 150, x = -4*k + 111. What is the highest common divisor of 3 and k?
3
Let u(f) = 72*f**3 + f**2 - 2*f + 2. Let j be u(1). Calculate the highest common divisor of j and 584.
73
Suppose 2*n = -2*i + 963 + 251, -2432 = -4*i - 3*n. Calculate the highest common divisor of i and 47.
47
Let j be -4 + (-3 + 43 - (1 - -1)). What is the highest common factor of j and 4?
2
Suppose -136 = -42*l + 39*l + 5*a, 5*a + 178 = 4*l. Calculate the greatest common divisor of 84 and l.
42
Suppose -6*r + 9*r - 12 = 0. Let t = 54 + -20. Suppose -r*q + 2 = -t. What is the greatest common divisor of q and 63?
9
Let d be (143/4)/13*148. Calculate the greatest common factor of 11 and d.
11
Let p(d) = 2*d - 9. Let j be p(7). Suppose -13 - j = -m. Let q be (207/115)/(3/10). What is the greatest common factor of m and q?
6
Let j(y) = -y**3 + 2*y + 11. Let b be j(0). Calculate the highest common divisor of 341 and b.
11
Let n = -54 - -58. Suppose n*z = 3*b + 131, -z + 4*b + 0*b = -23. What is the greatest common divisor of 105 and z?
35
Let k be 5/(-1 + (0 - -2)). Suppose 0 = k*a - 2*x - 42, -a = 2*x - 0*x - 6. Let p be ((-312)/(-91))/(1/7). What is the highest common factor of a and p?
8
Suppose 0 = -3*t - 6, t + 112 = 4*y - 242. Suppose -3*q - 66 = 3*g, 4 + 98 = -4*g + 3*q. Let z be 1 + 11 + g/6. What is the highest common divisor of y and z?
8
Suppose -5*f + 6*f - 5*z = 40, -4*f - 3*z + 275 = 0. Suppose -3*w + 113 + 82 = 0. Calculate the highest common factor of f and w.
65
Let j = 31 + -27. Suppose 46 = j*x - 86. Calculate the greatest common factor of x and 11.
11
Let l = 119 + -64. What is the greatest common divisor of 15 and l?
5
Suppose 4*j = -4*a + 1140, 3*j = -a + 194 + 85. Calculate the greatest common factor of a and 32.
32
Let p be 0/(-2) + (16 - 0). Let i = p + 14. Let q = i + -26. Cal